{"id":5472,"date":"2021-12-15T14:57:57","date_gmt":"2021-12-15T14:57:57","guid":{"rendered":"https:\/\/lanamineral.com.mx\/prueba\/?post_type=product&#038;p=5472"},"modified":"2021-12-15T16:25:44","modified_gmt":"2021-12-15T16:25:44","slug":"impac-af-180","status":"publish","type":"product","link":"https:\/\/insul-therm.mx\/insul\/index.php\/producto\/impac-af-180\/","title":{"rendered":"Impac AF-180"},"content":{"rendered":"<p>*El producto est\u00e1 formulado para taponar fugas y filtraciones<br \/>\nde agua o veneros a nivel fre\u00e1tico.<br \/>\n*Con buena resistencia a la presi\u00f3n hidrost\u00e1tica, sella filtraciones de agua en muros de contenci\u00f3n, cisternas, tanques de<br \/>\nalmacenamiento de agua, albercas, etc.<\/p>\n<p>Ventajas<\/p>\n<p>Propiedades:<br \/>\n*Tapa fugas r\u00e1pidamente.<br \/>\n*Inicia su fraguado de manera casi inmediata.<br \/>\n*No se contrae, expande mientras fragua.<br \/>\n*No es t\u00f3xico, no contamina, y no altera la calidad del agua<br \/>\nalmacenada.<br \/>\n*No Met\u00e1lico, al no contener hierro, no presenta oxidaci\u00f3n.<br \/>\n*Fragua bajo el agua y resiste fuertes presiones hidrost\u00e1ticas negativas.<\/p>\n","protected":false},"excerpt":{"rendered":"<p>IMPAC AF-180 Mortero de fraguado instant\u00e1neo<\/p>\n<p>Es un aditivo de fraguado instant\u00e1neo para taponar filtraciones en concreto. Posee alta resistencia mec\u00e1nica a\u00fan contra la presi\u00f3n y en contacto con el agua.<\/p>\n","protected":false},"featured_media":5473,"comment_status":"open","ping_status":"closed","template":"","meta":{"site-sidebar-layout":"default","site-content-layout":"default","ast-global-header-display":"","ast-main-header-display":"","ast-hfb-above-header-display":"","ast-hfb-below-header-display":"","ast-hfb-mobile-header-display":"","site-post-title":"","ast-breadcrumbs-content":"","ast-featured-img":"","footer-sml-layout":"","theme-transparent-header-meta":"default","adv-header-id-meta":"","stick-header-meta":"default","header-above-stick-meta":"","header-main-stick-meta":"","header-below-stick-meta":""},"product_cat":[57,52],"product_tag":[],"class_list":["post-5472","product","type-product","status-publish","has-post-thumbnail","hentry","product_cat-impac","product_cat-impermeabilizantes","desktop-align-left","tablet-align-left","mobile-align-left","ast-product-gallery-layout-horizontal-slider","ast-product-gallery-with-no-image","ast-product-tabs-layout-horizontal"],"_links":{"self":[{"href":"https:\/\/insul-therm.mx\/insul\/index.php\/wp-json\/wp\/v2\/product\/5472","targetHints":{"allow":["GET"]}}],"collection":[{"href":"https:\/\/insul-therm.mx\/insul\/index.php\/wp-json\/wp\/v2\/product"}],"about":[{"href":"https:\/\/insul-therm.mx\/insul\/index.php\/wp-json\/wp\/v2\/types\/product"}],"replies":[{"embeddable":true,"href":"https:\/\/insul-therm.mx\/insul\/index.php\/wp-json\/wp\/v2\/comments?post=5472"}],"version-history":[{"count":0,"href":"https:\/\/insul-therm.mx\/insul\/index.php\/wp-json\/wp\/v2\/product\/5472\/revisions"}],"wp:featuredmedia":[{"embeddable":true,"href":"https:\/\/insul-therm.mx\/insul\/index.php\/wp-json\/wp\/v2\/media\/5473"}],"wp:attachment":[{"href":"https:\/\/insul-therm.mx\/insul\/index.php\/wp-json\/wp\/v2\/media?parent=5472"}],"wp:term":[{"taxonomy":"product_cat","embeddable":true,"href":"https:\/\/insul-therm.mx\/insul\/index.php\/wp-json\/wp\/v2\/product_cat?post=5472"},{"taxonomy":"product_tag","embeddable":true,"href":"https:\/\/insul-therm.mx\/insul\/index.php\/wp-json\/wp\/v2\/product_tag?post=5472"}],"curies":[{"name":"wp","href":"https:\/\/api.w.org\/{rel}","templated":true}]}}