{"id":6246,"date":"2022-02-23T21:18:31","date_gmt":"2022-02-23T21:18:31","guid":{"rendered":"https:\/\/insul-therm.mx\/insul\/?post_type=product&#038;p=6246"},"modified":"2022-03-30T16:20:26","modified_gmt":"2022-03-30T16:20:26","slug":"fibra-ceramica","status":"publish","type":"product","link":"https:\/\/insul-therm.mx\/insul\/index.php\/producto\/fibra-ceramica\/","title":{"rendered":"Fibra Cer\u00e1mica"},"content":{"rendered":"<p>Aplicaciones comunes: Refinamiento y Petroqu\u00edmica<\/p>\n<p>Hornos de Pir\u00f3lisis y Reformadores<\/p>\n<p>\u2022 Sellos para Tubos, Empaques y Juntas de Expansi\u00f3n<br \/>\n\u2022 Tuber\u00eda para Alta Temperatura, Aislamiento de Ductos y Turbinas<br \/>\n\u2022 Revestimiento para Calentadores de Crudo<\/p>\n<p>Otras Aplicaciones<\/p>\n<p>\u2022 Aislamiento de Cubiertas y Secadores Comerciales<br \/>\n\u2022 Revestimiento sobre Refractarios Existentes<br \/>\n\u2022 Aislamiento en Horno como Alivio de Tensi\u00f3n<br \/>\n\u2022 Aislamiento en la Corona de Hornos para la Industria del Vidrio<br \/>\n\u2022 Protecci\u00f3n contra Incendios<\/p>\n<p>Caracter\u00edsticas<\/p>\n<p>\u2022 Baja Conductividad T\u00e9rmica<br \/>\n\u2022 Bajo Almacenamiento de Calor<br \/>\n\u2022 Alta Resistencia a la Tensi\u00f3n<br \/>\n\u2022 Resistencia al Choque T\u00e9rmico<br \/>\n\u2022 Absorci\u00f3n del Sonido<br \/>\n\u2022 F\u00e1cil Instalaci\u00f3n<br \/>\n\u2022 No Contiene Aglutinante<br \/>\n\u2022 No Contiene Asbestos<br \/>\n\u2022 No Requiere Tiempo de Secado o de Curado<\/p>\n<p>Propiedad F\u00edsicas<\/p>\n<p>\u2022 Densidad lb\/ft\u00b3 (kg\/m\u00b3) LTS, HPS, HTZ en 4, 6, 8 y 10<\/p>\n","protected":false},"excerpt":{"rendered":"<p>La colcha de fibra cer\u00e1mica est\u00e1 compuesta por fibras entretejidas largas y flexibles, fabricadas a trav\u00e9s del proceso \u201cspun\u201d, creando con esto un producto durable, fuerte y ligero.<\/p>\n<p>Este material puede usarse para aplicaciones con temperaturas que van desde los 538\u00b0C (1000 \u00b0F) hasta los 1425 \u00b0C (2000 \u00b0F). Tienen alta resistencia a la tensi\u00f3n para una mayor durabilidad.<\/p>\n","protected":false},"featured_media":6248,"comment_status":"open","ping_status":"closed","template":"","meta":{"site-sidebar-layout":"default","site-content-layout":"default","ast-global-header-display":"","ast-main-header-display":"","ast-hfb-above-header-display":"","ast-hfb-below-header-display":"","ast-hfb-mobile-header-display":"","site-post-title":"","ast-breadcrumbs-content":"","ast-featured-img":"","footer-sml-layout":"","theme-transparent-header-meta":"default","adv-header-id-meta":"","stick-header-meta":"default","header-above-stick-meta":"","header-main-stick-meta":"","header-below-stick-meta":""},"product_cat":[78],"product_tag":[56],"class_list":["post-6246","product","type-product","status-publish","has-post-thumbnail","hentry","product_cat-refractarios","product_tag-productos-de-temporada","desktop-align-left","tablet-align-left","mobile-align-left","ast-product-gallery-layout-horizontal-slider","ast-product-gallery-with-no-image","ast-product-tabs-layout-horizontal"],"_links":{"self":[{"href":"https:\/\/insul-therm.mx\/insul\/index.php\/wp-json\/wp\/v2\/product\/6246","targetHints":{"allow":["GET"]}}],"collection":[{"href":"https:\/\/insul-therm.mx\/insul\/index.php\/wp-json\/wp\/v2\/product"}],"about":[{"href":"https:\/\/insul-therm.mx\/insul\/index.php\/wp-json\/wp\/v2\/types\/product"}],"replies":[{"embeddable":true,"href":"https:\/\/insul-therm.mx\/insul\/index.php\/wp-json\/wp\/v2\/comments?post=6246"}],"version-history":[{"count":3,"href":"https:\/\/insul-therm.mx\/insul\/index.php\/wp-json\/wp\/v2\/product\/6246\/revisions"}],"predecessor-version":[{"id":6444,"href":"https:\/\/insul-therm.mx\/insul\/index.php\/wp-json\/wp\/v2\/product\/6246\/revisions\/6444"}],"wp:featuredmedia":[{"embeddable":true,"href":"https:\/\/insul-therm.mx\/insul\/index.php\/wp-json\/wp\/v2\/media\/6248"}],"wp:attachment":[{"href":"https:\/\/insul-therm.mx\/insul\/index.php\/wp-json\/wp\/v2\/media?parent=6246"}],"wp:term":[{"taxonomy":"product_cat","embeddable":true,"href":"https:\/\/insul-therm.mx\/insul\/index.php\/wp-json\/wp\/v2\/product_cat?post=6246"},{"taxonomy":"product_tag","embeddable":true,"href":"https:\/\/insul-therm.mx\/insul\/index.php\/wp-json\/wp\/v2\/product_tag?post=6246"}],"curies":[{"name":"wp","href":"https:\/\/api.w.org\/{rel}","templated":true}]}}